{"id":1963,"date":"2019-10-21T21:39:32","date_gmt":"2019-10-21T21:39:32","guid":{"rendered":"https:\/\/ballettschule-robinlynn.de\/?page_id=1963"},"modified":"2026-03-24T15:41:39","modified_gmt":"2026-03-24T15:41:39","slug":"team","status":"publish","type":"page","link":"https:\/\/ballettschule-robinlynn.de\/?page_id=1963","title":{"rendered":"Team"},"content":{"rendered":"\t\t<div data-elementor-type=\"wp-page\" data-elementor-id=\"1963\" class=\"elementor elementor-1963\">\n\t\t\t\t\t\t<section class=\"elementor-section elementor-top-section elementor-element elementor-element-9a4630f elementor-section-boxed elementor-section-height-default elementor-section-height-default\" data-id=\"9a4630f\" data-element_type=\"section\" data-e-type=\"section\">\n\t\t\t\t\t\t<div class=\"elementor-container elementor-column-gap-default\">\n\t\t\t\t\t<div class=\"elementor-column elementor-col-100 elementor-top-column elementor-element elementor-element-923422a\" data-id=\"923422a\" data-element_type=\"column\" data-e-type=\"column\">\n\t\t\t<div class=\"elementor-widget-wrap elementor-element-populated\">\n\t\t\t\t\t\t<div class=\"elementor-element elementor-element-e3f7b4c elementor-widget elementor-widget-accordion\" data-id=\"e3f7b4c\" data-element_type=\"widget\" data-e-type=\"widget\" data-settings=\"{&quot;_animation&quot;:&quot;none&quot;}\" data-widget_type=\"accordion.default\">\n\t\t\t\t<div class=\"elementor-widget-container\">\n\t\t\t\t\t\t\t<div class=\"elementor-accordion\">\n\t\t\t\t\t\t\t<div class=\"elementor-accordion-item\">\n\t\t\t\t\t<div id=\"elementor-tab-title-2391\" class=\"elementor-tab-title\" data-tab=\"1\" role=\"button\" aria-controls=\"elementor-tab-content-2391\" aria-expanded=\"false\">\n\t\t\t\t\t\t\t\t\t\t\t\t\t<span class=\"elementor-accordion-icon elementor-accordion-icon-left\" aria-hidden=\"true\">\n\t\t\t\t\t\t\t\t\t\t\t\t\t\t\t<span class=\"elementor-accordion-icon-closed\"><i class=\"far fa-arrow-alt-circle-right\"><\/i><\/span>\n\t\t\t\t\t\t\t\t<span class=\"elementor-accordion-icon-opened\"><i class=\"far fa-arrow-alt-circle-left\"><\/i><\/span>\n\t\t\t\t\t\t\t\t\t\t\t\t\t\t<\/span>\n\t\t\t\t\t\t\t\t\t\t\t\t<a class=\"elementor-accordion-title\" tabindex=\"0\">Robin Lynn<\/a>\n\t\t\t\t\t<\/div>\n\t\t\t\t\t<div id=\"elementor-tab-content-2391\" class=\"elementor-tab-content elementor-clearfix\" data-tab=\"1\" role=\"region\" aria-labelledby=\"elementor-tab-title-2391\"><p>K\u00fcnstlerische Leitung, Ballett, Kinder Klassisch, Pilates, T\u00e4nzerische Fr\u00fcherziehung, Klassisch Jugendliche, Stepptanz\u00a0<\/p><p><img fetchpriority=\"high\" decoding=\"async\" class=\"alignright wp-image-1457 size-large\" src=\"https:\/\/ballettschule-robinlynn.de\/wp-content\/uploads\/2019\/09\/DSC_2329-1024x659.jpg\" alt=\"\" width=\"1024\" height=\"659\" srcset=\"https:\/\/ballettschule-robinlynn.de\/wp-content\/uploads\/2019\/09\/DSC_2329-1024x659.jpg 1024w, https:\/\/ballettschule-robinlynn.de\/wp-content\/uploads\/2019\/09\/DSC_2329-300x193.jpg 300w, https:\/\/ballettschule-robinlynn.de\/wp-content\/uploads\/2019\/09\/DSC_2329-768x494.jpg 768w, https:\/\/ballettschule-robinlynn.de\/wp-content\/uploads\/2019\/09\/DSC_2329-830x534.jpg 830w, https:\/\/ballettschule-robinlynn.de\/wp-content\/uploads\/2019\/09\/DSC_2329-230x148.jpg 230w, https:\/\/ballettschule-robinlynn.de\/wp-content\/uploads\/2019\/09\/DSC_2329-350x225.jpg 350w, https:\/\/ballettschule-robinlynn.de\/wp-content\/uploads\/2019\/09\/DSC_2329-480x309.jpg 480w, https:\/\/ballettschule-robinlynn.de\/wp-content\/uploads\/2019\/09\/DSC_2329-600x386.jpg 600w, https:\/\/ballettschule-robinlynn.de\/wp-content\/uploads\/2019\/09\/DSC_2329.jpg 2048w\" sizes=\"(max-width: 1024px) 100vw, 1024px\" \/><\/p><\/div>\n\t\t\t\t<\/div>\n\t\t\t\t\t\t\t<div class=\"elementor-accordion-item\">\n\t\t\t\t\t<div id=\"elementor-tab-title-2392\" class=\"elementor-tab-title\" data-tab=\"2\" role=\"button\" aria-controls=\"elementor-tab-content-2392\" aria-expanded=\"false\">\n\t\t\t\t\t\t\t\t\t\t\t\t\t<span class=\"elementor-accordion-icon elementor-accordion-icon-left\" aria-hidden=\"true\">\n\t\t\t\t\t\t\t\t\t\t\t\t\t\t\t<span class=\"elementor-accordion-icon-closed\"><i class=\"far fa-arrow-alt-circle-right\"><\/i><\/span>\n\t\t\t\t\t\t\t\t<span class=\"elementor-accordion-icon-opened\"><i class=\"far fa-arrow-alt-circle-left\"><\/i><\/span>\n\t\t\t\t\t\t\t\t\t\t\t\t\t\t<\/span>\n\t\t\t\t\t\t\t\t\t\t\t\t<a class=\"elementor-accordion-title\" tabindex=\"0\">Alexandra Gro\u00df<\/a>\n\t\t\t\t\t<\/div>\n\t\t\t\t\t<div id=\"elementor-tab-content-2392\" class=\"elementor-tab-content elementor-clearfix\" data-tab=\"2\" role=\"region\" aria-labelledby=\"elementor-tab-title-2392\"><p>T\u00e4nzerische Fr\u00fcherziehung, Kinder Klassisch<\/p><p><img decoding=\"async\" class=\"alignnone size-medium wp-image-5901\" src=\"https:\/\/ballettschule-robinlynn.de\/wp-content\/uploads\/2024\/03\/b1-2-1-300x207.jpg\" alt=\"\" width=\"300\" height=\"207\" srcset=\"https:\/\/ballettschule-robinlynn.de\/wp-content\/uploads\/2024\/03\/b1-2-1-300x207.jpg 300w, https:\/\/ballettschule-robinlynn.de\/wp-content\/uploads\/2024\/03\/b1-2-1-768x530.jpg 768w, https:\/\/ballettschule-robinlynn.de\/wp-content\/uploads\/2024\/03\/b1-2-1-1000x690.jpg 1000w, https:\/\/ballettschule-robinlynn.de\/wp-content\/uploads\/2024\/03\/b1-2-1-230x159.jpg 230w, https:\/\/ballettschule-robinlynn.de\/wp-content\/uploads\/2024\/03\/b1-2-1-350x242.jpg 350w, https:\/\/ballettschule-robinlynn.de\/wp-content\/uploads\/2024\/03\/b1-2-1-480x331.jpg 480w, https:\/\/ballettschule-robinlynn.de\/wp-content\/uploads\/2024\/03\/b1-2-1.jpg 1024w\" sizes=\"(max-width: 300px) 100vw, 300px\" \/><\/p><\/div>\n\t\t\t\t<\/div>\n\t\t\t\t\t\t\t<div class=\"elementor-accordion-item\">\n\t\t\t\t\t<div id=\"elementor-tab-title-2393\" class=\"elementor-tab-title\" data-tab=\"3\" role=\"button\" aria-controls=\"elementor-tab-content-2393\" aria-expanded=\"false\">\n\t\t\t\t\t\t\t\t\t\t\t\t\t<span class=\"elementor-accordion-icon elementor-accordion-icon-left\" aria-hidden=\"true\">\n\t\t\t\t\t\t\t\t\t\t\t\t\t\t\t<span class=\"elementor-accordion-icon-closed\"><i class=\"far fa-arrow-alt-circle-right\"><\/i><\/span>\n\t\t\t\t\t\t\t\t<span class=\"elementor-accordion-icon-opened\"><i class=\"far fa-arrow-alt-circle-left\"><\/i><\/span>\n\t\t\t\t\t\t\t\t\t\t\t\t\t\t<\/span>\n\t\t\t\t\t\t\t\t\t\t\t\t<a class=\"elementor-accordion-title\" tabindex=\"0\">Hendrik Michalski<\/a>\n\t\t\t\t\t<\/div>\n\t\t\t\t\t<div id=\"elementor-tab-content-2393\" class=\"elementor-tab-content elementor-clearfix\" data-tab=\"3\" role=\"region\" aria-labelledby=\"elementor-tab-title-2393\"><p>Modern Jazz <img decoding=\"async\" class=\"alignnone wp-image-1449 size-large\" src=\"https:\/\/ballettschule-robinlynn.de\/wp-content\/uploads\/2019\/09\/DSC_2296-1024x676.jpg\" alt=\"\" width=\"1024\" height=\"676\" srcset=\"https:\/\/ballettschule-robinlynn.de\/wp-content\/uploads\/2019\/09\/DSC_2296-1024x676.jpg 1024w, https:\/\/ballettschule-robinlynn.de\/wp-content\/uploads\/2019\/09\/DSC_2296-300x198.jpg 300w, https:\/\/ballettschule-robinlynn.de\/wp-content\/uploads\/2019\/09\/DSC_2296-768x507.jpg 768w, https:\/\/ballettschule-robinlynn.de\/wp-content\/uploads\/2019\/09\/DSC_2296-830x548.jpg 830w, https:\/\/ballettschule-robinlynn.de\/wp-content\/uploads\/2019\/09\/DSC_2296-230x152.jpg 230w, https:\/\/ballettschule-robinlynn.de\/wp-content\/uploads\/2019\/09\/DSC_2296-350x231.jpg 350w, https:\/\/ballettschule-robinlynn.de\/wp-content\/uploads\/2019\/09\/DSC_2296-480x317.jpg 480w, https:\/\/ballettschule-robinlynn.de\/wp-content\/uploads\/2019\/09\/DSC_2296-600x396.jpg 600w, https:\/\/ballettschule-robinlynn.de\/wp-content\/uploads\/2019\/09\/DSC_2296.jpg 2048w\" sizes=\"(max-width: 1024px) 100vw, 1024px\" \/><\/p><\/div>\n\t\t\t\t<\/div>\n\t\t\t\t\t\t\t<div class=\"elementor-accordion-item\">\n\t\t\t\t\t<div id=\"elementor-tab-title-2394\" class=\"elementor-tab-title\" data-tab=\"4\" role=\"button\" aria-controls=\"elementor-tab-content-2394\" aria-expanded=\"false\">\n\t\t\t\t\t\t\t\t\t\t\t\t\t<span class=\"elementor-accordion-icon elementor-accordion-icon-left\" aria-hidden=\"true\">\n\t\t\t\t\t\t\t\t\t\t\t\t\t\t\t<span class=\"elementor-accordion-icon-closed\"><i class=\"far fa-arrow-alt-circle-right\"><\/i><\/span>\n\t\t\t\t\t\t\t\t<span class=\"elementor-accordion-icon-opened\"><i class=\"far fa-arrow-alt-circle-left\"><\/i><\/span>\n\t\t\t\t\t\t\t\t\t\t\t\t\t\t<\/span>\n\t\t\t\t\t\t\t\t\t\t\t\t<a class=\"elementor-accordion-title\" tabindex=\"0\">Jeannine Banger<\/a>\n\t\t\t\t\t<\/div>\n\t\t\t\t\t<div id=\"elementor-tab-content-2394\" class=\"elementor-tab-content elementor-clearfix\" data-tab=\"4\" role=\"region\" aria-labelledby=\"elementor-tab-title-2394\"><p>Hip Hop, Tanzzwerge, T\u00e4nzerische Fr\u00fcherziehung<\/p><p><img loading=\"lazy\" decoding=\"async\" class=\"alignnone size-medium wp-image-5905\" src=\"https:\/\/ballettschule-robinlynn.de\/wp-content\/uploads\/2024\/03\/b1-6-1-300x212.jpg\" alt=\"\" width=\"300\" height=\"212\" srcset=\"https:\/\/ballettschule-robinlynn.de\/wp-content\/uploads\/2024\/03\/b1-6-1-300x212.jpg 300w, https:\/\/ballettschule-robinlynn.de\/wp-content\/uploads\/2024\/03\/b1-6-1-768x543.jpg 768w, https:\/\/ballettschule-robinlynn.de\/wp-content\/uploads\/2024\/03\/b1-6-1-1000x707.jpg 1000w, https:\/\/ballettschule-robinlynn.de\/wp-content\/uploads\/2024\/03\/b1-6-1-230x163.jpg 230w, https:\/\/ballettschule-robinlynn.de\/wp-content\/uploads\/2024\/03\/b1-6-1-350x247.jpg 350w, https:\/\/ballettschule-robinlynn.de\/wp-content\/uploads\/2024\/03\/b1-6-1-480x339.jpg 480w, https:\/\/ballettschule-robinlynn.de\/wp-content\/uploads\/2024\/03\/b1-6-1.jpg 1024w\" sizes=\"(max-width: 300px) 100vw, 300px\" \/><\/p><\/div>\n\t\t\t\t<\/div>\n\t\t\t\t\t\t\t<div class=\"elementor-accordion-item\">\n\t\t\t\t\t<div id=\"elementor-tab-title-2395\" class=\"elementor-tab-title\" data-tab=\"5\" role=\"button\" aria-controls=\"elementor-tab-content-2395\" aria-expanded=\"false\">\n\t\t\t\t\t\t\t\t\t\t\t\t\t<span class=\"elementor-accordion-icon elementor-accordion-icon-left\" aria-hidden=\"true\">\n\t\t\t\t\t\t\t\t\t\t\t\t\t\t\t<span class=\"elementor-accordion-icon-closed\"><i class=\"far fa-arrow-alt-circle-right\"><\/i><\/span>\n\t\t\t\t\t\t\t\t<span class=\"elementor-accordion-icon-opened\"><i class=\"far fa-arrow-alt-circle-left\"><\/i><\/span>\n\t\t\t\t\t\t\t\t\t\t\t\t\t\t<\/span>\n\t\t\t\t\t\t\t\t\t\t\t\t<a class=\"elementor-accordion-title\" tabindex=\"0\">Birgit Kraft<\/a>\n\t\t\t\t\t<\/div>\n\t\t\t\t\t<div id=\"elementor-tab-content-2395\" class=\"elementor-tab-content elementor-clearfix\" data-tab=\"5\" role=\"region\" aria-labelledby=\"elementor-tab-title-2395\"><p>Kindertanz, Modern<img loading=\"lazy\" decoding=\"async\" class=\"alignnone size-large wp-image-1453\" src=\"https:\/\/ballettschule-robinlynn.de\/wp-content\/uploads\/2019\/09\/DSC_2315-1024x631.jpg\" alt=\"\" width=\"1024\" height=\"631\" srcset=\"https:\/\/ballettschule-robinlynn.de\/wp-content\/uploads\/2019\/09\/DSC_2315-1024x631.jpg 1024w, https:\/\/ballettschule-robinlynn.de\/wp-content\/uploads\/2019\/09\/DSC_2315-300x185.jpg 300w, https:\/\/ballettschule-robinlynn.de\/wp-content\/uploads\/2019\/09\/DSC_2315-768x473.jpg 768w, https:\/\/ballettschule-robinlynn.de\/wp-content\/uploads\/2019\/09\/DSC_2315-830x511.jpg 830w, https:\/\/ballettschule-robinlynn.de\/wp-content\/uploads\/2019\/09\/DSC_2315-230x142.jpg 230w, https:\/\/ballettschule-robinlynn.de\/wp-content\/uploads\/2019\/09\/DSC_2315-350x216.jpg 350w, https:\/\/ballettschule-robinlynn.de\/wp-content\/uploads\/2019\/09\/DSC_2315-480x296.jpg 480w, https:\/\/ballettschule-robinlynn.de\/wp-content\/uploads\/2019\/09\/DSC_2315-600x369.jpg 600w, https:\/\/ballettschule-robinlynn.de\/wp-content\/uploads\/2019\/09\/DSC_2315.jpg 2048w\" sizes=\"(max-width: 1024px) 100vw, 1024px\" \/><\/p><\/div>\n\t\t\t\t<\/div>\n\t\t\t\t\t\t\t<div class=\"elementor-accordion-item\">\n\t\t\t\t\t<div id=\"elementor-tab-title-2396\" class=\"elementor-tab-title\" data-tab=\"6\" role=\"button\" aria-controls=\"elementor-tab-content-2396\" aria-expanded=\"false\">\n\t\t\t\t\t\t\t\t\t\t\t\t\t<span class=\"elementor-accordion-icon elementor-accordion-icon-left\" aria-hidden=\"true\">\n\t\t\t\t\t\t\t\t\t\t\t\t\t\t\t<span class=\"elementor-accordion-icon-closed\"><i class=\"far fa-arrow-alt-circle-right\"><\/i><\/span>\n\t\t\t\t\t\t\t\t<span class=\"elementor-accordion-icon-opened\"><i class=\"far fa-arrow-alt-circle-left\"><\/i><\/span>\n\t\t\t\t\t\t\t\t\t\t\t\t\t\t<\/span>\n\t\t\t\t\t\t\t\t\t\t\t\t<a class=\"elementor-accordion-title\" tabindex=\"0\">Leslie Hannemann<\/a>\n\t\t\t\t\t<\/div>\n\t\t\t\t\t<div id=\"elementor-tab-content-2396\" class=\"elementor-tab-content elementor-clearfix\" data-tab=\"6\" role=\"region\" aria-labelledby=\"elementor-tab-title-2396\"><p>Hip Hop Jazz, Ballett Barre Workout, Hip Hop Kids\u00a0 <img loading=\"lazy\" decoding=\"async\" class=\"alignnone size-large wp-image-1456\" src=\"https:\/\/ballettschule-robinlynn.de\/wp-content\/uploads\/2019\/09\/DSC_2322-1024x623.jpg\" alt=\"\" width=\"1024\" height=\"623\" srcset=\"https:\/\/ballettschule-robinlynn.de\/wp-content\/uploads\/2019\/09\/DSC_2322-1024x623.jpg 1024w, https:\/\/ballettschule-robinlynn.de\/wp-content\/uploads\/2019\/09\/DSC_2322-300x182.jpg 300w, https:\/\/ballettschule-robinlynn.de\/wp-content\/uploads\/2019\/09\/DSC_2322-768x467.jpg 768w, https:\/\/ballettschule-robinlynn.de\/wp-content\/uploads\/2019\/09\/DSC_2322-830x505.jpg 830w, https:\/\/ballettschule-robinlynn.de\/wp-content\/uploads\/2019\/09\/DSC_2322-230x140.jpg 230w, https:\/\/ballettschule-robinlynn.de\/wp-content\/uploads\/2019\/09\/DSC_2322-350x213.jpg 350w, https:\/\/ballettschule-robinlynn.de\/wp-content\/uploads\/2019\/09\/DSC_2322-480x292.jpg 480w, https:\/\/ballettschule-robinlynn.de\/wp-content\/uploads\/2019\/09\/DSC_2322-600x365.jpg 600w, https:\/\/ballettschule-robinlynn.de\/wp-content\/uploads\/2019\/09\/DSC_2322.jpg 2048w\" sizes=\"(max-width: 1024px) 100vw, 1024px\" \/><\/p><\/div>\n\t\t\t\t<\/div>\n\t\t\t\t\t\t\t<div class=\"elementor-accordion-item\">\n\t\t\t\t\t<div id=\"elementor-tab-title-2397\" class=\"elementor-tab-title\" data-tab=\"7\" role=\"button\" aria-controls=\"elementor-tab-content-2397\" aria-expanded=\"false\">\n\t\t\t\t\t\t\t\t\t\t\t\t\t<span class=\"elementor-accordion-icon elementor-accordion-icon-left\" aria-hidden=\"true\">\n\t\t\t\t\t\t\t\t\t\t\t\t\t\t\t<span class=\"elementor-accordion-icon-closed\"><i class=\"far fa-arrow-alt-circle-right\"><\/i><\/span>\n\t\t\t\t\t\t\t\t<span class=\"elementor-accordion-icon-opened\"><i class=\"far fa-arrow-alt-circle-left\"><\/i><\/span>\n\t\t\t\t\t\t\t\t\t\t\t\t\t\t<\/span>\n\t\t\t\t\t\t\t\t\t\t\t\t<a class=\"elementor-accordion-title\" tabindex=\"0\">Sarah Elmaz <\/a>\n\t\t\t\t\t<\/div>\n\t\t\t\t\t<div id=\"elementor-tab-content-2397\" class=\"elementor-tab-content elementor-clearfix\" data-tab=\"7\" role=\"region\" aria-labelledby=\"elementor-tab-title-2397\"><p>T\u00e4nzerische Fr\u00fcherziehung, Kinder Jazz, Feen &amp; Prinzessinnen, Tanz Zwerge\u00a0<\/p><p><img loading=\"lazy\" decoding=\"async\" class=\"alignnone size-medium wp-image-5903\" src=\"https:\/\/ballettschule-robinlynn.de\/wp-content\/uploads\/2024\/03\/b1-4-1-300x194.jpg\" alt=\"\" width=\"300\" height=\"194\" srcset=\"https:\/\/ballettschule-robinlynn.de\/wp-content\/uploads\/2024\/03\/b1-4-1-300x194.jpg 300w, https:\/\/ballettschule-robinlynn.de\/wp-content\/uploads\/2024\/03\/b1-4-1-768x497.jpg 768w, https:\/\/ballettschule-robinlynn.de\/wp-content\/uploads\/2024\/03\/b1-4-1-1000x646.jpg 1000w, https:\/\/ballettschule-robinlynn.de\/wp-content\/uploads\/2024\/03\/b1-4-1-230x149.jpg 230w, https:\/\/ballettschule-robinlynn.de\/wp-content\/uploads\/2024\/03\/b1-4-1-350x226.jpg 350w, https:\/\/ballettschule-robinlynn.de\/wp-content\/uploads\/2024\/03\/b1-4-1-480x310.jpg 480w, https:\/\/ballettschule-robinlynn.de\/wp-content\/uploads\/2024\/03\/b1-4-1.jpg 1024w\" sizes=\"(max-width: 300px) 100vw, 300px\" \/><\/p><\/div>\n\t\t\t\t<\/div>\n\t\t\t\t\t\t\t<div class=\"elementor-accordion-item\">\n\t\t\t\t\t<div id=\"elementor-tab-title-2398\" class=\"elementor-tab-title\" data-tab=\"8\" role=\"button\" aria-controls=\"elementor-tab-content-2398\" aria-expanded=\"false\">\n\t\t\t\t\t\t\t\t\t\t\t\t\t<span class=\"elementor-accordion-icon elementor-accordion-icon-left\" aria-hidden=\"true\">\n\t\t\t\t\t\t\t\t\t\t\t\t\t\t\t<span class=\"elementor-accordion-icon-closed\"><i class=\"far fa-arrow-alt-circle-right\"><\/i><\/span>\n\t\t\t\t\t\t\t\t<span class=\"elementor-accordion-icon-opened\"><i class=\"far fa-arrow-alt-circle-left\"><\/i><\/span>\n\t\t\t\t\t\t\t\t\t\t\t\t\t\t<\/span>\n\t\t\t\t\t\t\t\t\t\t\t\t<a class=\"elementor-accordion-title\" tabindex=\"0\">Katharina Fischer <\/a>\n\t\t\t\t\t<\/div>\n\t\t\t\t\t<div id=\"elementor-tab-content-2398\" class=\"elementor-tab-content elementor-clearfix\" data-tab=\"8\" role=\"region\" aria-labelledby=\"elementor-tab-title-2398\"><p>Lyrical Dance, Ballett Basics\u00a0 <img loading=\"lazy\" decoding=\"async\" class=\"alignnone size-medium\" src=\"https:\/\/ballettschule-robinlynn.de\/wp-content\/uploads\/2024\/12\/DSC_8006-scaled.jpg\" alt=\"Lyrical Dance, Ballett Basics \" width=\"2560\" height=\"1703\" \/><\/p><\/div>\n\t\t\t\t<\/div>\n\t\t\t\t\t\t\t<div class=\"elementor-accordion-item\">\n\t\t\t\t\t<div id=\"elementor-tab-title-2399\" class=\"elementor-tab-title\" data-tab=\"9\" role=\"button\" aria-controls=\"elementor-tab-content-2399\" aria-expanded=\"false\">\n\t\t\t\t\t\t\t\t\t\t\t\t\t<span class=\"elementor-accordion-icon elementor-accordion-icon-left\" aria-hidden=\"true\">\n\t\t\t\t\t\t\t\t\t\t\t\t\t\t\t<span class=\"elementor-accordion-icon-closed\"><i class=\"far fa-arrow-alt-circle-right\"><\/i><\/span>\n\t\t\t\t\t\t\t\t<span class=\"elementor-accordion-icon-opened\"><i class=\"far fa-arrow-alt-circle-left\"><\/i><\/span>\n\t\t\t\t\t\t\t\t\t\t\t\t\t\t<\/span>\n\t\t\t\t\t\t\t\t\t\t\t\t<a class=\"elementor-accordion-title\" tabindex=\"0\">Annike Reis<\/a>\n\t\t\t\t\t<\/div>\n\t\t\t\t\t<div id=\"elementor-tab-content-2399\" class=\"elementor-tab-content elementor-clearfix\" data-tab=\"9\" role=\"region\" aria-labelledby=\"elementor-tab-title-2399\"><p>Ballett Fortgeschrittene<img loading=\"lazy\" decoding=\"async\" class=\"alignnone size-medium\" src=\"https:\/\/ballettschule-robinlynn.de\/wp-content\/uploads\/2024\/12\/DSC_7995-scaled.jpg\" width=\"2560\" height=\"1746\" \/><\/p><\/div>\n\t\t\t\t<\/div>\n\t\t\t\t\t\t\t<div class=\"elementor-accordion-item\">\n\t\t\t\t\t<div id=\"elementor-tab-title-23910\" class=\"elementor-tab-title\" data-tab=\"10\" role=\"button\" aria-controls=\"elementor-tab-content-23910\" aria-expanded=\"false\">\n\t\t\t\t\t\t\t\t\t\t\t\t\t<span class=\"elementor-accordion-icon elementor-accordion-icon-left\" aria-hidden=\"true\">\n\t\t\t\t\t\t\t\t\t\t\t\t\t\t\t<span class=\"elementor-accordion-icon-closed\"><i class=\"far fa-arrow-alt-circle-right\"><\/i><\/span>\n\t\t\t\t\t\t\t\t<span class=\"elementor-accordion-icon-opened\"><i class=\"far fa-arrow-alt-circle-left\"><\/i><\/span>\n\t\t\t\t\t\t\t\t\t\t\t\t\t\t<\/span>\n\t\t\t\t\t\t\t\t\t\t\t\t<a class=\"elementor-accordion-title\" tabindex=\"0\">Anika Klicker <\/a>\n\t\t\t\t\t<\/div>\n\t\t\t\t\t<div id=\"elementor-tab-content-23910\" class=\"elementor-tab-content elementor-clearfix\" data-tab=\"10\" role=\"region\" aria-labelledby=\"elementor-tab-title-23910\"><p>T\u00e4nzerische Fr\u00fcherziehung, Vorstufe Kinder Klassisch <img loading=\"lazy\" decoding=\"async\" class=\"alignnone size-medium\" src=\"https:\/\/ballettschule-robinlynn.de\/wp-content\/uploads\/2024\/03\/b1-3-1.jpg\" width=\"1024\" height=\"656\" \/><\/p><\/div>\n\t\t\t\t<\/div>\n\t\t\t\t\t\t\t<div class=\"elementor-accordion-item\">\n\t\t\t\t\t<div id=\"elementor-tab-title-23911\" class=\"elementor-tab-title\" data-tab=\"11\" role=\"button\" aria-controls=\"elementor-tab-content-23911\" aria-expanded=\"false\">\n\t\t\t\t\t\t\t\t\t\t\t\t\t<span class=\"elementor-accordion-icon elementor-accordion-icon-left\" aria-hidden=\"true\">\n\t\t\t\t\t\t\t\t\t\t\t\t\t\t\t<span class=\"elementor-accordion-icon-closed\"><i class=\"far fa-arrow-alt-circle-right\"><\/i><\/span>\n\t\t\t\t\t\t\t\t<span class=\"elementor-accordion-icon-opened\"><i class=\"far fa-arrow-alt-circle-left\"><\/i><\/span>\n\t\t\t\t\t\t\t\t\t\t\t\t\t\t<\/span>\n\t\t\t\t\t\t\t\t\t\t\t\t<a class=\"elementor-accordion-title\" tabindex=\"0\">Tillmann Olbrich<\/a>\n\t\t\t\t\t<\/div>\n\t\t\t\t\t<div id=\"elementor-tab-content-23911\" class=\"elementor-tab-content elementor-clearfix\" data-tab=\"11\" role=\"region\" aria-labelledby=\"elementor-tab-title-23911\"><p>Ballett Anf\u00e4nger\u00a0<\/p><p><img loading=\"lazy\" decoding=\"async\" class=\"alignnone size-medium\" src=\"https:\/\/ballettschule-robinlynn.de\/wp-content\/uploads\/2026\/03\/Tilman-website-.jpg\" width=\"1500\" height=\"1407\" \/><\/p><\/div>\n\t\t\t\t<\/div>\n\t\t\t\t\t\t\t<div class=\"elementor-accordion-item\">\n\t\t\t\t\t<div id=\"elementor-tab-title-23912\" class=\"elementor-tab-title\" data-tab=\"12\" role=\"button\" aria-controls=\"elementor-tab-content-23912\" aria-expanded=\"false\">\n\t\t\t\t\t\t\t\t\t\t\t\t\t<span class=\"elementor-accordion-icon elementor-accordion-icon-left\" aria-hidden=\"true\">\n\t\t\t\t\t\t\t\t\t\t\t\t\t\t\t<span class=\"elementor-accordion-icon-closed\"><i class=\"far fa-arrow-alt-circle-right\"><\/i><\/span>\n\t\t\t\t\t\t\t\t<span class=\"elementor-accordion-icon-opened\"><i class=\"far fa-arrow-alt-circle-left\"><\/i><\/span>\n\t\t\t\t\t\t\t\t\t\t\t\t\t\t<\/span>\n\t\t\t\t\t\t\t\t\t\t\t\t<a class=\"elementor-accordion-title\" tabindex=\"0\">Carolin Ilgmann<\/a>\n\t\t\t\t\t<\/div>\n\t\t\t\t\t<div id=\"elementor-tab-content-23912\" class=\"elementor-tab-content elementor-clearfix\" data-tab=\"12\" role=\"region\" aria-labelledby=\"elementor-tab-title-23912\"><p>Tanz Zwerge, T\u00e4nzerische Fr\u00fcherziehung\u00a0<\/p><p><img loading=\"lazy\" decoding=\"async\" class=\"alignnone size-medium\" src=\"https:\/\/ballettschule-robinlynn.de\/wp-content\/uploads\/2026\/03\/caro-website-.jpg\" width=\"1500\" height=\"1466\" \/><\/p><\/div>\n\t\t\t\t<\/div>\n\t\t\t\t\t\t\t\t<\/div>\n\t\t\t\t\t\t<\/div>\n\t\t\t\t<\/div>\n\t\t\t\t\t<\/div>\n\t\t<\/div>\n\t\t\t\t\t<\/div>\n\t\t<\/section>\n\t\t\t\t<\/div>\n\t\t","protected":false},"excerpt":{"rendered":"<p>Robin Lynn K\u00fcnstlerische Leitung, Ballett, Kinder Klassisch, Pilates, T\u00e4nzerische Fr\u00fcherziehung, Klassisch Jugendliche, Stepptanz\u00a0 Alexandra Gro\u00df T\u00e4nzerische Fr\u00fcherziehung, Kinder Klassisch Hendrik Michalski Modern [&hellip;]<\/p>\n","protected":false},"author":1,"featured_media":0,"parent":0,"menu_order":0,"comment_status":"closed","ping_status":"closed","template":"","meta":{"footnotes":""},"class_list":["post-1963","page","type-page","status-publish","hentry"],"_links":{"self":[{"href":"https:\/\/ballettschule-robinlynn.de\/index.php?rest_route=\/wp\/v2\/pages\/1963","targetHints":{"allow":["GET"]}}],"collection":[{"href":"https:\/\/ballettschule-robinlynn.de\/index.php?rest_route=\/wp\/v2\/pages"}],"about":[{"href":"https:\/\/ballettschule-robinlynn.de\/index.php?rest_route=\/wp\/v2\/types\/page"}],"author":[{"embeddable":true,"href":"https:\/\/ballettschule-robinlynn.de\/index.php?rest_route=\/wp\/v2\/users\/1"}],"replies":[{"embeddable":true,"href":"https:\/\/ballettschule-robinlynn.de\/index.php?rest_route=%2Fwp%2Fv2%2Fcomments&post=1963"}],"version-history":[{"count":81,"href":"https:\/\/ballettschule-robinlynn.de\/index.php?rest_route=\/wp\/v2\/pages\/1963\/revisions"}],"predecessor-version":[{"id":6997,"href":"https:\/\/ballettschule-robinlynn.de\/index.php?rest_route=\/wp\/v2\/pages\/1963\/revisions\/6997"}],"wp:attachment":[{"href":"https:\/\/ballettschule-robinlynn.de\/index.php?rest_route=%2Fwp%2Fv2%2Fmedia&parent=1963"}],"curies":[{"name":"wp","href":"https:\/\/api.w.org\/{rel}","templated":true}]}}