{"id":223,"date":"2019-09-26T13:24:40","date_gmt":"2019-09-26T13:24:40","guid":{"rendered":"https:\/\/ballettschule-robinlynn.de\/?page_id=223"},"modified":"2025-10-27T14:42:28","modified_gmt":"2025-10-27T14:42:28","slug":"pilates-und-barre","status":"publish","type":"page","link":"https:\/\/ballettschule-robinlynn.de\/?page_id=223","title":{"rendered":"Pilates und Barre"},"content":{"rendered":"\t\t<div data-elementor-type=\"wp-page\" data-elementor-id=\"223\" class=\"elementor elementor-223\">\n\t\t\t\t\t\t<section class=\"elementor-section elementor-top-section elementor-element elementor-element-8fc7175 elementor-section-boxed elementor-section-height-default elementor-section-height-default\" data-id=\"8fc7175\" data-element_type=\"section\" data-e-type=\"section\">\n\t\t\t\t\t\t<div class=\"elementor-container elementor-column-gap-default\">\n\t\t\t\t\t<div class=\"elementor-column elementor-col-33 elementor-top-column elementor-element elementor-element-d57bb64\" data-id=\"d57bb64\" data-element_type=\"column\" data-e-type=\"column\">\n\t\t\t<div class=\"elementor-widget-wrap\">\n\t\t\t\t\t\t\t<\/div>\n\t\t<\/div>\n\t\t\t\t<div class=\"elementor-column elementor-col-33 elementor-top-column elementor-element elementor-element-d2ad0be\" data-id=\"d2ad0be\" data-element_type=\"column\" data-e-type=\"column\">\n\t\t\t<div class=\"elementor-widget-wrap\">\n\t\t\t\t\t\t\t<\/div>\n\t\t<\/div>\n\t\t\t\t<div class=\"elementor-column elementor-col-33 elementor-top-column elementor-element elementor-element-f59acc3\" data-id=\"f59acc3\" data-element_type=\"column\" data-e-type=\"column\">\n\t\t\t<div class=\"elementor-widget-wrap\">\n\t\t\t\t\t\t\t<\/div>\n\t\t<\/div>\n\t\t\t\t\t<\/div>\n\t\t<\/section>\n\t\t\t\t<section class=\"elementor-section elementor-top-section elementor-element elementor-element-d5357b1 elementor-section-boxed elementor-section-height-default elementor-section-height-default\" data-id=\"d5357b1\" data-element_type=\"section\" data-e-type=\"section\">\n\t\t\t\t\t\t<div class=\"elementor-container elementor-column-gap-default\">\n\t\t\t\t\t<div class=\"elementor-column elementor-col-100 elementor-top-column elementor-element elementor-element-9775308\" data-id=\"9775308\" data-element_type=\"column\" data-e-type=\"column\">\n\t\t\t<div class=\"elementor-widget-wrap elementor-element-populated\">\n\t\t\t\t\t\t<div class=\"elementor-element elementor-element-58d54c2 elementor-widget elementor-widget-image\" data-id=\"58d54c2\" data-element_type=\"widget\" data-e-type=\"widget\" data-widget_type=\"image.default\">\n\t\t\t\t<div class=\"elementor-widget-container\">\n\t\t\t\t\t\t\t\t\t\t\t\t\t\t\t<img fetchpriority=\"high\" decoding=\"async\" width=\"1024\" height=\"422\" src=\"https:\/\/ballettschule-robinlynn.de\/wp-content\/uploads\/2019\/09\/pilates-1024x422.jpg\" class=\"attachment-large size-large wp-image-1478\" alt=\"\" srcset=\"https:\/\/ballettschule-robinlynn.de\/wp-content\/uploads\/2019\/09\/pilates-e1569788764609.jpg 1024w, https:\/\/ballettschule-robinlynn.de\/wp-content\/uploads\/2019\/09\/pilates-300x124.jpg 300w, https:\/\/ballettschule-robinlynn.de\/wp-content\/uploads\/2019\/09\/pilates-768x317.jpg 768w, https:\/\/ballettschule-robinlynn.de\/wp-content\/uploads\/2019\/09\/pilates-830x342.jpg 830w, https:\/\/ballettschule-robinlynn.de\/wp-content\/uploads\/2019\/09\/pilates-230x95.jpg 230w, https:\/\/ballettschule-robinlynn.de\/wp-content\/uploads\/2019\/09\/pilates-350x144.jpg 350w, https:\/\/ballettschule-robinlynn.de\/wp-content\/uploads\/2019\/09\/pilates-480x198.jpg 480w, https:\/\/ballettschule-robinlynn.de\/wp-content\/uploads\/2019\/09\/pilates-600x247.jpg 600w\" sizes=\"(max-width: 1024px) 100vw, 1024px\" \/>\t\t\t\t\t\t\t\t\t\t\t\t\t\t\t<\/div>\n\t\t\t\t<\/div>\n\t\t\t\t\t<\/div>\n\t\t<\/div>\n\t\t\t\t\t<\/div>\n\t\t<\/section>\n\t\t\t\t<section class=\"elementor-section elementor-top-section elementor-element elementor-element-272fc52 elementor-section-boxed elementor-section-height-default elementor-section-height-default\" data-id=\"272fc52\" data-element_type=\"section\" data-e-type=\"section\">\n\t\t\t\t\t\t<div class=\"elementor-container elementor-column-gap-default\">\n\t\t\t\t\t<div class=\"elementor-column elementor-col-100 elementor-top-column elementor-element elementor-element-ffd4d76\" data-id=\"ffd4d76\" data-element_type=\"column\" data-e-type=\"column\">\n\t\t\t<div class=\"elementor-widget-wrap elementor-element-populated\">\n\t\t\t\t\t\t<div class=\"elementor-element elementor-element-6d36c5c elementor-widget elementor-widget-text-editor\" data-id=\"6d36c5c\" data-element_type=\"widget\" data-e-type=\"widget\" data-widget_type=\"text-editor.default\">\n\t\t\t\t<div class=\"elementor-widget-container\">\n\t\t\t\t\t\t\t\t\t<p><em><span style=\"text-decoration: underline;\"><strong>Neuer Kurs ab Freitag, den 7. November 11 &#8211; 12 Uhr!\u00a0<\/strong><\/span><\/em><\/p><p><span style=\"text-decoration: underline;\"><strong>Pilates-Barre-Fusion\u00a0<\/strong><\/span><\/p><p>Was ist Pilates-Barre-Fusion?<\/p><p>Pilates-Barre-Fusion kombiniert Barre-Elemente mit den Prinzipien von Pilates \u2013 und bietet dir:<\/p><ul><li><strong>Kombination der Disziplinen:<\/strong>\u00a0Pilates trifft auf Ballett.<\/li><li><strong>Fokus auf die K\u00f6rpermitte:<\/strong>\u00a0F\u00fcr mehr Stabilit\u00e4t und Kraft.<\/li><li><strong>Barre-Unterst\u00fctzung:<\/strong>\u00a0Balance bei intensiven \u00dcbungen f\u00fcr Beine &amp; Po.<\/li><li><strong>Kleine, kontrollierte Bewegungen:<\/strong>\u00a0Sprechen gezielt jede Muskelgruppe an.<\/li><li><strong>Hilfsmittel:<\/strong>\u00a0Gewichte, B\u00e4nder &amp; B\u00e4lle sorgen f\u00fcr Abwechslung.<\/li><li><strong>Gelenkschonend:<\/strong>\u00a0Ideal f\u00fcr jedes Alter &amp; Fitnesslevel.<\/li><\/ul><p>Deine Vorteile<\/p><ul><li>Formen &amp; Straffen: F\u00fcr eine lange, schlanke Silhouette.<\/li><li>Mehr Flexibilit\u00e4t: Beweglichkeit sp\u00fcrbar verbessern.<\/li><li>Bessere Haltung: Aufrechter stehen, selbstbewusster bewegen.<\/li><li>Balance finden: Koordination &amp; Stabilit\u00e4t f\u00f6rdern.<\/li><li>Starke K\u00f6rpermitte: Ein stabiles Fundament f\u00fcr Alltag &amp; Training.<\/li><\/ul><p>\u00a0<\/p><p><strong><span style=\"text-decoration: underline;\">Pilates<\/span><\/strong><\/p><p>Pilates basiert auf Yoga und ist ein Zusammenspiel von physischem und mentalem Training. Bei Pilates gibt es sechs Prinzipien: Konzentration, Zentrierung, Atmung, Kontrolle, Pr\u00e4zision und ein flie\u00dfender Bewegungsablauf. Jede \u00dcbung ist immer mit der Atmung koodiniert und die Qualit\u00e4t der einzelnen Bewegung steht im Vordergrund. Neben den sechs Prinzipien konzentrieren sich die \u00dcbungen auf die Mitte des K\u00f6rpers und ihre Stabilisierung. So wird die Tiefenmuskulatur des gesamten K\u00f6rpers mit kontrollierten und flie\u00dfenden Bewegungen gekr\u00e4ftigt.<br \/>Die \u00dcbungen erh\u00f6hen den Stoffwechsel, verbessern die Elasthizit\u00e4t der Muskeln und die Beweglichkeit der Gelenke. Stress wird deutlich schneller abgebaut, Konzentration und Entspannung gef\u00f6rdet.<br \/>Pilates ist also f\u00fcr jeden geeignet, von jung bis alt, die Ihrem K\u00f6rper etwas Gutes tun und Stress abbauen m\u00f6chten.<\/p><p><strong><span style=\"text-decoration: underline;\">Ballett Barre<\/span><\/strong><\/p><p>Ein schwei\u00dftreibendes Training und der neuste Trend aus den U.S.A.<\/p><p>Hier werden Ballett\u00fcbungen an der Stange und in der Mitte zu Fitnessbewegungen umgewandelt, die den Muskelaufbau sowie Haltung f\u00f6rdern.<\/p><p>Tanzerfahrung ist hierf\u00fcr nicht notwendig \u2013 nur Spa\u00df an cooler Musik, Cardiotraining und einem entspannenden Stretching zum Schluss!<\/p>\t\t\t\t\t\t\t\t<\/div>\n\t\t\t\t<\/div>\n\t\t\t\t\t<\/div>\n\t\t<\/div>\n\t\t\t\t\t<\/div>\n\t\t<\/section>\n\t\t\t\t<\/div>\n\t\t","protected":false},"excerpt":{"rendered":"<p>Neuer Kurs ab Freitag, den 7. November 11 &#8211; 12 Uhr!\u00a0 Pilates-Barre-Fusion\u00a0 Was ist Pilates-Barre-Fusion? Pilates-Barre-Fusion kombiniert Barre-Elemente mit den Prinzipien von [&hellip;]<\/p>\n","protected":false},"author":1,"featured_media":0,"parent":238,"menu_order":0,"comment_status":"closed","ping_status":"closed","template":"","meta":{"footnotes":""},"class_list":["post-223","page","type-page","status-publish","hentry"],"_links":{"self":[{"href":"https:\/\/ballettschule-robinlynn.de\/index.php?rest_route=\/wp\/v2\/pages\/223","targetHints":{"allow":["GET"]}}],"collection":[{"href":"https:\/\/ballettschule-robinlynn.de\/index.php?rest_route=\/wp\/v2\/pages"}],"about":[{"href":"https:\/\/ballettschule-robinlynn.de\/index.php?rest_route=\/wp\/v2\/types\/page"}],"author":[{"embeddable":true,"href":"https:\/\/ballettschule-robinlynn.de\/index.php?rest_route=\/wp\/v2\/users\/1"}],"replies":[{"embeddable":true,"href":"https:\/\/ballettschule-robinlynn.de\/index.php?rest_route=%2Fwp%2Fv2%2Fcomments&post=223"}],"version-history":[{"count":27,"href":"https:\/\/ballettschule-robinlynn.de\/index.php?rest_route=\/wp\/v2\/pages\/223\/revisions"}],"predecessor-version":[{"id":6928,"href":"https:\/\/ballettschule-robinlynn.de\/index.php?rest_route=\/wp\/v2\/pages\/223\/revisions\/6928"}],"up":[{"embeddable":true,"href":"https:\/\/ballettschule-robinlynn.de\/index.php?rest_route=\/wp\/v2\/pages\/238"}],"wp:attachment":[{"href":"https:\/\/ballettschule-robinlynn.de\/index.php?rest_route=%2Fwp%2Fv2%2Fmedia&parent=223"}],"curies":[{"name":"wp","href":"https:\/\/api.w.org\/{rel}","templated":true}]}}