{"id":27,"date":"2019-09-26T08:58:29","date_gmt":"2019-09-26T08:58:29","guid":{"rendered":"http:\/\/ballettschule-robinlynn.de\/?page_id=27"},"modified":"2026-04-03T13:24:17","modified_gmt":"2026-04-03T13:24:17","slug":"aktuelles","status":"publish","type":"page","link":"https:\/\/ballettschule-robinlynn.de\/?page_id=27","title":{"rendered":"Aktuelles"},"content":{"rendered":"\t\t<div data-elementor-type=\"wp-page\" data-elementor-id=\"27\" class=\"elementor elementor-27\">\n\t\t\t\t\t\t<section class=\"elementor-section elementor-top-section elementor-element elementor-element-2c1b467 elementor-section-boxed elementor-section-height-default elementor-section-height-default\" data-id=\"2c1b467\" data-element_type=\"section\" data-e-type=\"section\">\n\t\t\t\t\t\t<div class=\"elementor-container elementor-column-gap-default\">\n\t\t\t\t\t<div class=\"elementor-column elementor-col-100 elementor-top-column elementor-element elementor-element-fab3861\" data-id=\"fab3861\" data-element_type=\"column\" data-e-type=\"column\">\n\t\t\t<div class=\"elementor-widget-wrap elementor-element-populated\">\n\t\t\t\t\t\t<div class=\"elementor-element elementor-element-8b6c595 elementor-widget elementor-widget-text-editor\" data-id=\"8b6c595\" data-element_type=\"widget\" data-e-type=\"widget\" data-widget_type=\"text-editor.default\">\n\t\t\t\t<div class=\"elementor-widget-container\">\n\t\t\t\t\t\t\t\t\t<p>\u00a0<\/p><p><strong>Hier geht&#8217;s zum aktuellen<\/strong><\/p><p><a href=\"https:\/\/ballettschule-robinlynn.de\/wp-content\/uploads\/2026\/04\/April-2026.pdf\" target=\"_blank\" rel=\"noopener\"> <strong>Stundenplan<\/strong><\/a><\/p><p>\u00a0 (gilt ab April 2026)\u00a0<\/p><p>__________________<\/p><p>_________________<\/p><p>Neure Kurse:\u00a0<\/p><p><a href=\"https:\/\/ballettschule-robinlynn.de\/?page_id=5102\">T\u00e4nzerische Fr\u00fcherziehung 1 (ab 4 J.) jeden Dienstag ab 3. M\u00e4rz 2026<\/a><\/p><p><a href=\"https:\/\/ballettschule-robinlynn.de\/?page_id=5102\">Pilates-Barre-Fusion ab Freitag, den 7. November<\/a>\u00a0<\/p><p><a href=\"https:\/\/ballettschule-robinlynn.de\/?page_id=5102\">Ballett Anf\u00e4nger ab Mittwoch, den 15. April<\/a><\/p>\t\t\t\t\t\t\t\t<\/div>\n\t\t\t\t<\/div>\n\t\t\t\t<div class=\"elementor-element elementor-element-dafbc38 elementor-widget-divider--view-line elementor-widget elementor-widget-divider\" data-id=\"dafbc38\" data-element_type=\"widget\" data-e-type=\"widget\" data-widget_type=\"divider.default\">\n\t\t\t\t<div class=\"elementor-widget-container\">\n\t\t\t\t\t\t\t<div class=\"elementor-divider\">\n\t\t\t<span class=\"elementor-divider-separator\">\n\t\t\t\t\t\t<\/span>\n\t\t<\/div>\n\t\t\t\t\t\t<\/div>\n\t\t\t\t<\/div>\n\t\t\t\t\t<\/div>\n\t\t<\/div>\n\t\t\t\t\t<\/div>\n\t\t<\/section>\n\t\t\t\t<section class=\"elementor-section elementor-top-section elementor-element elementor-element-ea71db1 elementor-section-boxed elementor-section-height-default elementor-section-height-default\" data-id=\"ea71db1\" data-element_type=\"section\" data-e-type=\"section\">\n\t\t\t\t\t\t<div class=\"elementor-container elementor-column-gap-default\">\n\t\t\t\t\t<div class=\"elementor-column elementor-col-100 elementor-top-column elementor-element elementor-element-3ee4ddd\" data-id=\"3ee4ddd\" data-element_type=\"column\" data-e-type=\"column\">\n\t\t\t<div class=\"elementor-widget-wrap elementor-element-populated\">\n\t\t\t\t\t\t\t<\/div>\n\t\t<\/div>\n\t\t\t\t\t<\/div>\n\t\t<\/section>\n\t\t\t\t<\/div>\n\t\t","protected":false},"excerpt":{"rendered":"<p>\u00a0 Hier geht&#8217;s zum aktuellen Stundenplan \u00a0 (gilt ab April 2026)\u00a0 __________________ _________________ Neure Kurse:\u00a0 T\u00e4nzerische Fr\u00fcherziehung 1 (ab 4 J.) jeden [&hellip;]<\/p>\n","protected":false},"author":1,"featured_media":0,"parent":0,"menu_order":0,"comment_status":"closed","ping_status":"closed","template":"","meta":{"footnotes":""},"class_list":["post-27","page","type-page","status-publish","hentry"],"_links":{"self":[{"href":"https:\/\/ballettschule-robinlynn.de\/index.php?rest_route=\/wp\/v2\/pages\/27","targetHints":{"allow":["GET"]}}],"collection":[{"href":"https:\/\/ballettschule-robinlynn.de\/index.php?rest_route=\/wp\/v2\/pages"}],"about":[{"href":"https:\/\/ballettschule-robinlynn.de\/index.php?rest_route=\/wp\/v2\/types\/page"}],"author":[{"embeddable":true,"href":"https:\/\/ballettschule-robinlynn.de\/index.php?rest_route=\/wp\/v2\/users\/1"}],"replies":[{"embeddable":true,"href":"https:\/\/ballettschule-robinlynn.de\/index.php?rest_route=%2Fwp%2Fv2%2Fcomments&post=27"}],"version-history":[{"count":693,"href":"https:\/\/ballettschule-robinlynn.de\/index.php?rest_route=\/wp\/v2\/pages\/27\/revisions"}],"predecessor-version":[{"id":7009,"href":"https:\/\/ballettschule-robinlynn.de\/index.php?rest_route=\/wp\/v2\/pages\/27\/revisions\/7009"}],"wp:attachment":[{"href":"https:\/\/ballettschule-robinlynn.de\/index.php?rest_route=%2Fwp%2Fv2%2Fmedia&parent=27"}],"curies":[{"name":"wp","href":"https:\/\/api.w.org\/{rel}","templated":true}]}}